{"id":32,"date":"2024-10-01T21:36:10","date_gmt":"2024-10-01T19:36:10","guid":{"rendered":"http:\/\/gwaranx.cluster027.hosting.ovh.net\/?page_id=32"},"modified":"2024-10-13T15:13:05","modified_gmt":"2024-10-13T13:13:05","slug":"o-nas","status":"publish","type":"page","link":"https:\/\/www.gwarancje-kontraktowe.com\/index.php\/o-nas\/","title":{"rendered":"O nas"},"content":{"rendered":"\n<p>ABC Broker Sp. z o.o. jest kancelari\u0105 brokersk\u0105 z siedzib\u0105 w Bia\u0142ymstoku, ale obs\u0142ugujemy klient\u00f3w na terenie ca\u0142ej Polski. Posiadamy licencj\u0119 KNF nr 2759\/24 w zakresie dzia\u0142alno\u015bci brokerskiej. Legalno\u015b\u0107 dzia\u0142alno\u015bci naszej firmy mog\u0105 Pa\u0144stwo sprawdzi\u0107 w Rejestrze Po\u015brednik\u00f3w Ubezpieczeniowych dost\u0119pnych pod linkiem:<\/p>\n\n\n\n<p><a href=\"https:\/\/rpu.knf.gov.pl\">https:\/\/rpu.knf.gov.pl<\/a><\/p>\n\n\n\n<p>Kancelaria brokerska dzia\u0142a na rynku od 2014 roku, cho\u0107 nasze do\u015bwiadczenie w bran\u017cy ubezpieczeniowej si\u0119ga 1999 roku. <\/p>\n\n\n\n<p>W tym czasie spok\u00f3j prowadzenia swojego biznesu zawierzy\u0142o nam wiele firm, przedsi\u0119biorstw, samorz\u0105d\u00f3w. Od lat pomagamy naszym klientom w zakresie uzyskiwania gwarancji ubezpieczeniowych. Staramy si\u0119 pom\u00f3c firmom o kr\u00f3tki okresie istnieniu na rynku, gorszej sytuacji finansowej. Doskonale rozumiemy, \u017ce gwarancje s\u0105 jednym z podstawowych narz\u0119dzi podnosz\u0105cych wiarygodno\u015b\u0107 naszych klient\u00f3w, umo\u017cliwiaj\u0105cych ich rozw\u00f3j i podpisywanie coraz intratniejszych kontrakt\u00f3w. <\/p>\n\n\n\n<p><strong>Zapraszamy do wsp\u00f3\u0142pracy.<\/strong><\/p>\n\n\n\n<p>Dane rejestrowe<\/p>\n\n\n\n<div class=\"wp-block-group is-vertical is-layout-flex wp-container-core-group-is-layout-8cf370e7 wp-block-group-is-layout-flex\">\n<p>ABC Broker Sp. zo.o.<\/p>\n\n\n\n<p>ul. Ks. Abp. E. Kisiela 5a\/20<\/p>\n\n\n\n<p>15-361 Bia\u0142ystok<\/p>\n\n\n\n<p>NIP: 5422481713 REGON: 527929890<\/p>\n\n\n\n<p>KRS: 0001091179<\/p>\n<\/div>\n","protected":false},"excerpt":{"rendered":"<p>ABC Broker Sp. z o.o. jest kancelari\u0105 brokersk\u0105 z siedzib\u0105 w Bia\u0142ymstoku, ale obs\u0142ugujemy klient\u00f3w na terenie ca\u0142ej Polski. Posiadamy licencj\u0119 KNF nr 2759\/24 w zakresie dzia\u0142alno\u015bci brokerskiej. Legalno\u015b\u0107 dzia\u0142alno\u015bci naszej firmy mog\u0105 Pa\u0144stwo sprawdzi\u0107 w Rejestrze Po\u015brednik\u00f3w Ubezpieczeniowych dost\u0119pnych pod linkiem: https:\/\/rpu.knf.gov.pl Kancelaria brokerska dzia\u0142a na rynku od 2014 roku, cho\u0107 nasze do\u015bwiadczenie w [&hellip;]<\/p>\n","protected":false},"author":1,"featured_media":0,"parent":0,"menu_order":0,"comment_status":"closed","ping_status":"closed","template":"","meta":{"footnotes":""},"class_list":["post-32","page","type-page","status-publish","hentry"],"jetpack_sharing_enabled":true,"_links":{"self":[{"href":"https:\/\/www.gwarancje-kontraktowe.com\/index.php\/wp-json\/wp\/v2\/pages\/32","targetHints":{"allow":["GET"]}}],"collection":[{"href":"https:\/\/www.gwarancje-kontraktowe.com\/index.php\/wp-json\/wp\/v2\/pages"}],"about":[{"href":"https:\/\/www.gwarancje-kontraktowe.com\/index.php\/wp-json\/wp\/v2\/types\/page"}],"author":[{"embeddable":true,"href":"https:\/\/www.gwarancje-kontraktowe.com\/index.php\/wp-json\/wp\/v2\/users\/1"}],"replies":[{"embeddable":true,"href":"https:\/\/www.gwarancje-kontraktowe.com\/index.php\/wp-json\/wp\/v2\/comments?post=32"}],"version-history":[{"count":4,"href":"https:\/\/www.gwarancje-kontraktowe.com\/index.php\/wp-json\/wp\/v2\/pages\/32\/revisions"}],"predecessor-version":[{"id":161,"href":"https:\/\/www.gwarancje-kontraktowe.com\/index.php\/wp-json\/wp\/v2\/pages\/32\/revisions\/161"}],"wp:attachment":[{"href":"https:\/\/www.gwarancje-kontraktowe.com\/index.php\/wp-json\/wp\/v2\/media?parent=32"}],"curies":[{"name":"wp","href":"https:\/\/api.w.org\/{rel}","templated":true}]}}